ate the remainder when 7356 is divided by 2.
0
What is the remainder when 13323 is divided by 2136?
507
What is the remainder when 1649 is divided by 72?
65
What is the remainder when 7974 is divided by 230?
154
What is the remainder when 2967 is divided by 228?
3
Calculate the remainder when 3993 is divided by 1290.
123
Calculate the remainder when 104723 is divided by 748.
3
Calculate the remainder when 198667 is divided by 4730.
7
Calculate the remainder when 12328 is divided by 3050.
128
Calculate the remainder when 16471 is divided by 592.
487
Calculate the remainder when 328 is divided by 30.
28
Calculate the remainder when 1363 is divided by 13.
11
What is the remainder when 28068 is divided by 11?
7
What is the remainder when 4975 is divided by 1713?
1549
Calculate the remainder when 379873 is divided by 15.
13
What is the remainder when 37818 is divided by 4726?
10
Calculate the remainder when 69298 is divided by 34.
6
Calculate the remainder when 179531 is divided by 116.
79
Calculate the remainder when 6633 is divided by 3250.
133
Calculate the remainder when 7731 is divided by 855.
36
What is the remainder when 3271479 is divided by 423?
420
Calculate the remainder when 3980 is divided by 3.
2
What is the remainder when 833 is divided by 254?
71
What is the remainder when 976 is divided by 955?
21
What is the remainder when 95054 is divided by 6336?
14
What is the remainder when 10018585 is divided by 19?
18
What is the remainder when 1898 is divided by 137?
117
What is the remainder when 53932 is divided by 17?
8
What is the remainder when 48048 is divided by 6854?
70
What is the remainder when 65570 is divided by 21853?
11
Calculate the remainder when 53828 is divided by 64.
4
What is the remainder when 469269 is divided by 10?
9
Calculate the remainder when 375068 is divided by 16.
12
What is the remainder when 7069 is divided by 642?
7
What is the remainder when 35896 is divided by 26?
16
Calculate the remainder when 785 is divided by 783.
2
Calculate the remainder when 126787 is divided by 108.
103
Calculate the remainder when 2276 is divided by 254.
244
What is the remainder when 38150 is divided by 6358?
2
What is the remainder when 2269 is divided by 1064?
141
Calculate the remainder when 7733 is divided by 433.
372
Calculate the remainder when 290822 is divided by 96933.
23
Calculate the remainder when 20589 is divided by 5.
4
What is the remainder when 11092 is divided by 1482?
718
What is the remainder when 70280 is divided by 147?
14
What is the remainder when 947796 is divided by 1987?
1984
Calculate the remainder when 4828 is divided by 4103.
725
Calculate the remainder when 3460 is divided by 882.
814
Calculate the remainder when 7558 is divided by 120.
118
Calculate the remainder when 427447 is divided by 716.
711
What is the remainder when 31498 is divided by 36?
34
What is the remainder when 5848 is divided by 14?
10
What is the remainder when 22094 is divided by 960?
14
What is the remainder when 11386 is divided by 2825?
86
Calculate the remainder when 4811 is divided by 1492.
335
What is the remainder when 1417 is divided by 164?
105
Calculate the remainder when 77973 is divided by 51.
45
What is the remainder when 159478 is divided by 185?
8
What is the remainder when 18596 is divided by 978?
14
Calculate the remainder when 1065 is divided by 1062.
3
What is the remainder when 174167 is divided by 175?
42
What is the remainder when 10947 is divided by 75?
72
Calculate the remainder when 712333 is divided by 66.
61
What is the remainder when 395100 is divided by 1626?
1608
Calculate the remainder when 24038 is divided by 186.
44
Calculate the remainder when 18767 is divided by 276.
275
Calculate the remainder when 8494 is divided by 1412.
22
What is the remainder when 1266 is divided by 110?
56
What is the remainder when 1366 is divided by 405?
151
What is the remainder when 2349 is divided by 1617?
732
What is the remainder when 8605 is divided by 2819?
148
What is the remainder when 20298 is divided by 2249?
57
What is the remainder when 526258 is divided by 14?
12
Calculate the remainder when 598 is divided by 44.
26
What is the remainder when 102824 is divided by 45?
44
What is the remainder when 797498 is divided by 25?
23
What is the remainder when 143044 is divided by 54?
52
Calculate the remainder when 9990 is divided by 4973.
44
Calculate the remainder when 15049 is divided by 14899.
150
Calculate the remainder when 2171113 is divided by 58.
57
Calculate the remainder when 17804 is divided by 17804.
0
What is the remainder when 2050 is divided by 339?
16
What is the remainder when 14378 is divided by 2362?
206
Calculate the remainder when 2229 is divided by 35.
24
Calculate the remainder when 279 is divided by 256.
23
What is the remainder when 7693 is divided by 193?
166
What is the remainder when 235026 is divided by 99?
0
Calculate the remainder when 3898 is divided by 15.
13
What is the remainder when 2370 is divided by 1959?
411
What is the remainder when 341 is divided by 28?
5
What is the remainder when 35048 is divided by 13?
0
What is the remainder when 24527 is divided by 33?
8
Calculate the remainder when 30269 is divided by 15055.
159
What is the remainder when 7309 is divided by 7290?
19
What is the remainder when 1926 is divided by 466?
62
What is the remainder when 89248 is divided by 52?
16
Calculate the remainder when 52334 is divided by 26165.
4
What is the remainder when 1161 is divided by 47?
33
Calculate the remainder when 12123 is divided by 111.
24
What is the remainder when 174308 is divided by 1743?
8
What is the remainder when 32956 is divided by 206?
202
Calculate the remainder when 6050 is divided by 174.
134
What is the remainder when 104496 is divided by 296?
8
What is the remainder when 647964 is divided by 25?
14
Calculate the remainder when 2572 is divided by 376.
316
What is the remainder when 19615 is divided by 29?
11
Calculate the remainder when 1224 is divided by 501.
222
Calculate the remainder when 255839 is divided by 20.
19
What is the remainder when 7950 is divided by 13?
7
Calculate the remainder when 30679 is divided by 7632.
151
Calculate the remainder when 12504 is divided by 1396.
1336
Calculate the remainder when 5632640 is divided by 1827.
1826
Calculate the remainder when 15870 is divided by 92.
46
Calculate the remainder when 20619 is divided by 978.
81
What is the remainder when 89087 is divided by 22246?
103
Calculate the remainder when 54997 is divided by 59.
9
Calculate the remainder when 563496 is divided by 196.
192
What is the remainder when 9288 is divided by 4570?
148
What is the remainder when 4684 is divided by 153?
94
What is the remainder when 35942 is divided by 2567?
4
What is the remainder when 60677 is divided by 76?
29
What is the remainder when 7456 is divided by 931?
8
Calculate the remainder when 41757 is divided by 174.
171
Calculate the remainder when 2075 is divided by 717.
641
What is the remainder when 11688 is divided by 74?
70
What is the remainder when 18191 is divided by 2085?
1511
What is the remainder when 844 is divided by 209?
8
What is the remainder when 1433 is divided by 556?
321
Calculate the remainder when 80880 is divided by 378.
366
Calculate the remainder when 4294 is divided by 3958.
336
Calculate the remainder when 19498 is divided by 4.
2
What is the remainder when 912 is divided by 252?
156
Calculate the remainder when 15679 is divided by 302.
277
Calculate the remainder when 69472 is divided by 460.
12
Calculate the remainder when 80180 is divided by 538.
18
Calculate the remainder when 1954029 is divided by 794.
789
What is the remainder when 205156 is divided by 186?
184
Calculate the remainder when 595 is divided by 81.
28
What is the remainder when 173699 is divided by 36?
35
What is the remainder when 92229 is divided by 92225?
4
Calculate the remainder when 86101 is divided by 3913.
15
What is the remainder when 157179 is divided by 18?
3
What is the remainder when 4371 is divided by 1605?
1161
Calculate the remainder when 43602 is divided by 513.
510
What is the remainder when 3036 is divided by 25?
11
Calculate the remainder when 340397 is divided by 50.
47
Calculate the remainder when 4937 i